232*m + 314 = -230*m. Let w = 171 - m. What is the greatest common divisor of w and 21?
7
Let m(u) = -5*u + 166. Let v be m(38). Let j be 320/14 - v/168. Calculate the greatest common divisor of 23 and j.
23
Let t(c) be the third derivative of c**6/120 + 2*c**5/15 - c**4/24 + c**3/6 + 67*c**2. Let k be t(4). What is the highest common factor of k and 42?
21
Let z be ((-36)/(-162))/((-5)/(-18)*(-24)/(-120)). Suppose 0 = 5*m + 2*g, 2*g - g = -5. What is the highest common factor of m and z?
2
Suppose 4*u + 4*r = 1980, -11*u - 6*r + 5375 = -9*r. Calculate the highest common factor of 5684 and u.
98
Suppose -6*y - 2*q = -3*y - 92, 0 = 2*y + 2*q - 60. Let z be ((-162)/(-45) - (-3)/(-5))*y. Calculate the highest common divisor of z and 160.
32
Let d be (-36)/16 + 9/(-12). Let q(m) = 5*m**2 + 14*m + 29. Let c be q(d). Suppose l + 2*l - 12 = 0. What is the highest common divisor of c and l?
4
Let p be (168/(-140))/((-2)/5) + 6. Calculate the greatest common divisor of p and 747.
9
Suppose -i + 33108 = 5*n - 11392, -3*n - 5*i = -26722. Calculate the greatest common divisor of n and 11.
11
Let u be 375 - (-37 + 5)/8 - -5. What is the highest common factor of u and 624?
48
Let x = 2 - -57. Suppose -37 = -6*g + 2*g + 5*s, -5*s - 25 = 0. Suppose -3*w = 4*q - 717, 518 = g*q - w - 10. Calculate the greatest common factor of x and q.
59
Suppose -58*l = -61*l + 48. Suppose -4*j = 4*q - 1204, 242 = 3*q - 4*j - 682. What is the greatest common factor of q and l?
16
Let f be 23 + -2 + -3 - -1. Suppose 4*q - 5*a = 14, 5*a - f = -5*q + 21. Suppose 1 = -n - 4*v, q = n + 3*v + 2. What is the greatest common factor of n and 133?
19
Let v(q) = 2*q**2 - 3*q + 1. Let w be (-5)/2*272/170. Let t be v(w). Calculate the greatest common divisor of t and 135.
45
Let k(i) = 6*i - 15. Let u be k(3). Suppose 2*t = 2*h - 538, -2*h + 0*t + u*t + 540 = 0. Let j = h - 148. What is the highest common divisor of 17 and j?
17
Let m be ((-3 - (-382)/6) + 0)*-3. Let s be (-2)/(-13) + 6 + 28/m. What is the greatest common divisor of s and 270?
6
Suppose 0*u - 10 = -u. Suppose -2*f = -3*o + 60 - 130, 2*o = -f. What is the greatest common divisor of f and u?
10
Let f be (-1 - 0 - -2) + (-224)/(-28). Suppose 210 + 78 = f*g. What is the greatest common divisor of g and 512?
32
Suppose 2240 + 1560 = 10*z. Calculate the greatest common divisor of z and 1045.
95
Suppose -5*k = -2*m - 6, -6*k + k - 5*m - 15 = 0. Suppose -78 = -3*r + 3*a, -4*r + 5*a - 4*a + 92 = k. Calculate the highest common divisor of 66 and r.
22
Suppose 3*l - 134 = -0*l + 2*i, 2*l = 3*i + 96. Suppose 0 = u - 20 - 7. Suppose -15 = o - u. Calculate the highest common divisor of l and o.
6
Let v(o) = 13*o**2 - 42*o + 138. Let b be v(3). Calculate the highest common factor of b and 1849.
43
Let v = 24847 + -19495. What is the highest common factor of 84 and v?
12
Let m(x) = -x**2 + 80*x - 1250. Let a be m(47). Calculate the greatest common factor of a and 559.
43
Suppose -6*m + 51 - 345 = 0. Let c be -2*(-4)/((-12)/57). Let n = c - m. What is the greatest common divisor of 1 and n?
1
Suppose -3*a = -3*q - 44 + 35, 2*a - 12 = 0. Suppose 576 = 4*b + 4*d, 5*b = 3*d + 591 + 105. What is the greatest common divisor of q and b?
3
Suppose -1735 + 517 = 6*x. Let c = 251 + x. Suppose -2*k - 1 + 65 = 0. What is the greatest common factor of c and k?
16
Let k be (-35)/(-2)*-6*(-312)/180 - 6. Calculate the highest common divisor of 208 and k.
16
Suppose 5*u = -k, 5*u - k = -4*k. Let n be -4 + u/4 + 9. Suppose f = 3*v - 103, -n*v + 4*f + 79 = -88. What is the highest common divisor of 5 and v?
5
Let x be ((-18)/7)/(9/(-1470)). Suppose 0*n + x = 6*n. What is the greatest common divisor of n and 280?
70
Let t = -8946 - -9453. Calculate the highest common divisor of t and 1677.
39
Let g = 10736 + -10709. What is the highest common divisor of g and 3456?
27
Let h(t) = -198*t**2 + 199*t**2 - 16 + 0 + 3*t. Let g be 1 + (-7)/(-1)*(-2 + 1). Let c be h(g). What is the highest common factor of 1 and c?
1
Let o = 207 + -195. Suppose -154 = -10*d - o*d. Suppose 3*n - 20 = 22. What is the highest common divisor of d and n?
7
Let v(a) = 186*a + 9091. Let b be v(-26). Calculate the greatest common divisor of b and 1480.
185
Let w be (-8)/(-4) - -2 - (4 + -2). Suppose 143 = i - 2*u, -w*i - 5*u + 264 = -40. Calculate the highest common factor of 63 and i.
21
Let g be -8 + 6 - (4 - -188)/(-1). Let a be (-230)/(-6) + (80/(-24))/10. Calculate the greatest common factor of a and g.
38
Let z be 5/(4 - 9) + 11/(22/28). Calculate the greatest common factor of z and 2509.
13
Suppose 4067 - 13587 = -4*t. Suppose 0 = -34*r + 27*r + t. What is the greatest common factor of r and 85?
85
Let v = -18260 - -20084. Calculate the greatest common factor of v and 171.
57
Let z be (4 - (-3 - -10)) + 3. Let j(d) = -4 + 13 + d**3 + 5 + 2. Let p be j(z). Calculate the greatest common factor of p and 80.
16
Suppose -249 = -h + 3*s - 36, -5*h - s + 1049 = 0. Suppose 3120 = 19*a - 3*a + 36*a. Calculate the greatest common divisor of h and a.
30
Let z(u) = u**3 + 14*u**2 - 6*u + 12. Let i be z(-15). Let q = i - -176. Let t = q - -107. Calculate the greatest common factor of t and 40.
40
Let r(z) = 16*z + 527. Let g be r(-32). Calculate the highest common divisor of 555 and g.
15
Suppose 3*i + 3 - 129 = 3*l, 3*l = 9. What is the greatest common divisor of 2925 and i?
45
Let b(h) = 3*h**2 + 65*h - 220. Let g be b(-30). Calculate the highest common divisor of g and 106.
106
Let o(d) = 61 + 7*d + 89 - 2 + 15. Let z be o(-22). Calculate the highest common divisor of 9 and z.
9
Let m(y) = y**3 + 8*y**2 + 12*y + 22. Let v be m(-9). Let o = v + 185. Calculate the highest common factor of o and 3.
3
Let c(w) = w**3 - 5*w**2 - 13*w. Suppose 33*b = 18*b + 105. Let o be c(b). Calculate the highest common divisor of o and 245.
7
Suppose 132*d = 79*d + 89570. Calculate the greatest common factor of d and 1521.
169
Suppose -2*b - 48 = -242. Let s = b - 67. Calculate the highest common divisor of s and 180.
30
Let h = 13 - 9. Let d be h/(-28) - 211/(-7). Suppose -d*q + 24*q + 546 = 0. Calculate the highest common factor of 7 and q.
7
Suppose -3*z + 45 = 3*q, 0 = -4*z - 1767*q + 1764*q + 53. Let a = 143 + -71. Calculate the highest common factor of a and z.
8
Suppose 4*u + 3*y - 74 = 0, y + 0*y = -2*u + 38. Let a be (35/u)/(98/48 + -2). Let f be 211/7 + (-6)/a. What is the highest common factor of 210 and f?
30
Suppose 394*n + 217967 = 531*n. What is the greatest common factor of n and 1634?
43
Let m be (15/(-12))/(20/(-672)). What is the highest common factor of m and 5502?
42
Let f(c) = 927*c + 1029. Let m be f(-1). What is the greatest common factor of 1394 and m?
34
Let h(c) be the third derivative of c**5/60 - 9*c**4/8 + c**3/3 - 15*c**2 - 1. Let d be h(28). What is the highest common factor of d and 12?
6
Suppose 0 = 3*x - s + 11 - 62, 0 = -5*x - 2*s + 63. Let r(c) = -12*c**3 + c**2 - c + 3. Let y be r(-2). Calculate the greatest common factor of x and y.
15
Let h(w) = -224*w - 2899. Let z be h(-14). Calculate the highest common divisor of z and 2528.
79
Let r be (-1)/5 - (9 + (-142)/10). Suppose r*f + 75 = 5*b, -25*f = 3*b - 21*f - 66. What is the highest common factor of 22 and b?
2
Let s = 1 + 1. Let x(n) = 7*n**2 + 16*n + 9. Let l be x(-5). Let f = l + -102. Calculate the greatest common divisor of f and s.
2
Let t = 1706 + -1111. Suppose 145*y = 150*y - t. Calculate the highest common factor of y and 21.
7
Suppose -8*o + 501 + 4477 = 242. Calculate the greatest common factor of o and 144.
16
Suppose -q + 4*s = -103, 10*q - 2*s - 398 = 6*q. What is the highest common divisor of 27 and q?
9
Let y be ((-3)/(54/(-28)))/((-176)/(-3168)). Let f(p) = -p**3 + 9*p**2 - 5*p + 2. Let h be f(5). What is the highest common factor of h and y?
7
Let u = 401 + -397. Suppose -u*c + 16 = 4*t, -15*c = -5*t - 17*c + 35. Let r = 4 + 5. Calculate the highest common divisor of r and t.
9
Let a(h) be the second derivative of h**5/20 + 5*h**4/6 - 37*h**3/6 + 15*h**2/2 - 185*h. Let g be a(-10). What is the highest common divisor of 55 and g?
55
Suppose -3*d = -8*d + 90. Suppose 206*c = 193*c + 351. What is the highest common divisor of d and c?
9
Let t be (-2)/(-26) - (1035/(-65) + 1). Let n(a) = a**3 - 6*a**2 + 